he greatest common factor of g and 111?
3
Let k = -25 + 20. Let w(v) = -3*v**3 - 14*v**2 + 3*v - 3. Let z be w(k). Suppose 0 = z*s - 23 - 33. Calculate the greatest common factor of 104 and s.
8
Let l be (-1989)/(-18) + 1/(-2). Let x(r) = 4*r**2 - 15*r + 6. Let c be x(4). Calculate the greatest common divisor of c and l.
10
Suppose -60 = -4*g + 5*y, 0 = -3*g - 2*y - 0*y + 68. Let r(a) = 33*a + 2528. Let i be r(-76). Calculate the highest common divisor of i and g.
20
Suppose -m + 105*q = 102*q - 336, 1008 = 3*m + 3*q. Calculate the greatest common factor of m and 1092.
84
Let m(q) = -q**3 + q**2 - 4*q - 24. Let x be m(-7). Let v = -56 + 27. Let f = 7 - v. Calculate the highest common factor of f and x.
36
Suppose -10*y + 13*y = -123. Let u = y - -43. Suppose -2*l = u*k + k - 174, -4*l = 12. Calculate the greatest common factor of k and 90.
30
Let k be 6/(-4 + (-187)/(-44)). Let p = -256 + 424. Calculate the highest common divisor of p and k.
24
Suppose -5*p = 5*v - v - 608, -370 = -3*p - 5*v. Suppose 0 = -3*h, 27*h - 24*h + 96 = 4*c. What is the highest common factor of c and p?
24
Let r = -30 - -36. Let i be 10/(-60) + 1/r. Suppose i*s - 522 = -5*h - s, -h + 4*s + 117 = 0. What is the greatest common factor of h and 35?
35
Suppose 4*n = 4*o + 20, 2*n - 3*o = -2*n + 17. Let f(j) = 12*j**3 - 5*j**2 + 1. Let t be f(n). What is the highest common divisor of 7 and t?
7
Suppose 7*n - 45194 = 5861 - 1103. Calculate the greatest common factor of n and 32.
32
Let i be 3/(-6)*(0 - 0/(-1)). Let j be (i + -34)/(-1)*(-1)/(-2). Let c(p) = -p**2 - 24*p + 17. Let t be c(-24). What is the highest common divisor of t and j?
17
Suppose 165222 = -1236*t + 1254*t. What is the greatest common divisor of t and 67?
67
Let d(j) = 33*j**3 - 4*j + 3. Let v = -18 + 66. Let m = v - 47. Let w be d(m). Calculate the highest common divisor of w and 160.
32
Suppose 2*d - 3805 = -o, -d + 1925 = 11*o - 6*o. Suppose 1939 = u + d. Calculate the highest common factor of u and 65.
13
Let f be (-14)/(-49) - 999/(-7). Suppose f*d = 147*d - 44. Calculate the highest common factor of d and 352.
11
Let v be (-1 - (-18)/10)*(11 + 144). What is the greatest common divisor of 1767 and v?
31
Let p = 931 - 886. Suppose -5*r = -3*r - 840. Suppose -3*c + 3*k = -2*c - r, -k - 1625 = -4*c. Calculate the greatest common factor of c and p.
45
Let t(z) = 56500*z**2 - 65*z - 8. Let g be t(1). Calculate the greatest common factor of g and 21.
21
Let c(g) = -7*g**2 + 4 - 1 - 17*g**2 + 1 + 51*g - 5 + g**3. Let p be c(22). Calculate the greatest common divisor of 17 and p.
17
Suppose 3*b - 3302 = -5*a + 7*a, 3*a = 2*b - 2203. What is the greatest common divisor of b and 44?
44
Let l = -21 + 56. Let i be (-2*21/49)/((-1)/l). Let a(o) = o**3 - 2*o**2 + 3*o - 8. Let w be a(3). Calculate the greatest common factor of w and i.
10
Suppose 7 = 3*q - 3*j + 2*j, -19 = -3*q - 5*j. Let k(i) = i**2 + 3*i - 3. Let p be k(-4). Calculate the greatest common divisor of q and p.
1
Suppose 340*x - 336*x - 5*y = 37810, 0 = -4*y + 24. What is the greatest common divisor of 4 and x?
4
Let c be 2183/295 - (-2)/(-5). Suppose -c*h + 79 + 271 = 0. Calculate the highest common factor of 50 and h.
50
Let r(w) = 3*w**2 + 104*w - 229. Let i be r(-48). Calculate the greatest common divisor of 57 and i.
19
Suppose 8013*l = 8018*l - 2080. What is the greatest common divisor of l and 143?
13
Let h(z) = z - 4. Let b be h(7). Let x(a) = -a**3 + 2*a**2 + 4*a - 2. Let m be x(b). Suppose 1 = 12*l - 11. What is the highest common divisor of l and m?
1
Let i be 96/(-16) + 46/2. Let t(y) = -2*y**3 + 33*y**2 + 17*y + 12. Let w be t(i). Calculate the highest common factor of 78 and w.
6
Let b(j) = j**2 + 51*j - 262. Let k be b(-58). What is the greatest common factor of 7848 and k?
72
Suppose -2*u + 211 = o + 3*u, -4*o + 754 = 2*u. Let a be 1/1 - (-2 - -5 - 8). What is the highest common divisor of o and a?
6
Let q(c) = c**2 - 68*c - 458. Let x be q(-7). Calculate the highest common factor of 13 and x.
1
Suppose 70760 = 47*t + 14*t. Let j = -1141 + t. Suppose 0 = -3*c - 4*x + 128 + 2, -3*c - 3*x + 126 = 0. Calculate the greatest common factor of j and c.
19
Let h = -10 + 14. Let w be (h/6)/(-1*(-4)/(-12)). Let f be ((-18)/45)/(w/70). What is the greatest common factor of f and 14?
14
Let r(g) = 23*g**3 - 13*g**2 + 2*g + 22. Let t be r(3). Calculate the greatest common factor of t and 126.
14
Suppose 6*f + 15 = -3*u + f, -2*u - 15 = 5*f. Suppose 831 = 3*n - 3*j, -5*n + 2*n + 2*j + 826 = u. What is the highest common divisor of n and 16?
16
Let a = -64 + 88. Let s(t) = -265*t**3 + 6*t**2 + 4*t - 3. Let q be s(-1). Calculate the greatest common factor of a and q.
24
Let c(g) = -9*g**2 - 54*g - 12. Let w be c(-4). Calculate the highest common factor of 15540 and w.
60
Suppose -401132 = 2984*v - 3052*v. Calculate the highest common factor of v and 17.
17
Let u(y) = -149*y - 820. Let n be u(-12). Suppose 25 = 3*k + 2*k, -5*c = -k - 435. What is the greatest common divisor of n and c?
88
Suppose 2*l - 30 = 30. Let x = -78 - 188. Let g = x - -276. Calculate the highest common factor of l and g.
10
Let v = 82 + -111. Let m be (v/3 + 4)*-3*1. Let l = -60 + 145. What is the highest common factor of m and l?
17
Let m(x) = -x**2 + 28*x - 100. Let i be m(18). What is the greatest common factor of 55 and i?
5
Let n(h) = 10*h + 1. Let b be n(14). Let c = -125 + b. Let a be (216/(-6))/((-12)/16). Calculate the greatest common factor of c and a.
16
Let w(p) = -p**3 - 5*p**2 + 4*p - 7. Let l be w(-6). Suppose l*t - 51 = q + 25, t = 5*q + 20. What is the greatest common factor of 9 and t?
3
Let n = -478 - -646. Suppose -117*w = -115*w - n. Calculate the greatest common divisor of w and 12.
12
Let c be (5 - 0)*(1 - -1)/(-2). Let p be ((-6)/(-8))/(c/(-760)). Let z = p + -64. What is the highest common divisor of 20 and z?
10
Let v(f) = -f**3 - 4*f**2 + 8*f + 6. Let n = 59 - 64. Let w be v(n). Let y be (-1)/((18/28)/w). Calculate the greatest common factor of y and 7.
7
Suppose -38*o + 39*o - 110 = -4*x, -4*x + o + 114 = 0. Calculate the greatest common factor of 6160 and x.
28
Suppose -1368*k + 1089*k = -199206. Let t = 78 - 36. Calculate the greatest common divisor of t and k.
42
Let d = -7 + 27. Suppose 2*h - 7*h + d = 0. Suppose h*i + m + 2*m = 445, -m - 120 = -i. What is the highest common factor of 23 and i?
23
Suppose -3*l - z = -41, -5*l - 3*z + 65 = -2*z. Suppose 0 = -6*q + 60 + 12. Suppose -i = -5*i + q. Calculate the greatest common factor of l and i.
3
Let y(k) = 61*k - 261. Let p be y(24). Suppose 21*n - p = 393. What is the highest common divisor of 76 and n?
76
Let d(p) = -2*p**3 - 55*p**2 - 27*p + 4. Let w be d(-27). Suppose 2*h + w*f - 1592 = 0, 5*f - 794 = -h + 2*f. What is the greatest common factor of 100 and h?
100
Suppose -266 = 4*w + 654. Let u = w - -422. Suppose -12*m + 4*m = -u. Calculate the highest common divisor of m and 96.
24
Let d(t) = t**2 - 21*t - 5. Suppose -583 = 5*v + 4*g, g - 342 = 3*v + 6*g. Let q = -96 - v. Let w be d(q). Calculate the greatest common divisor of w and 123.
41
Let w = 26033 - 24680. What is the greatest common divisor of 594 and w?
33
Let g = 2087 - 1913. Suppose u = 2*i + 32, -75 = -3*u - i - 7. Calculate the greatest common factor of u and g.
6
Let t(v) = 322*v**2 + 7*v - 8. Suppose -3 = 3*k - 2*y, k + y - 4 = -0*k. Let o be t(k). Calculate the highest common divisor of 214 and o.
107
Let n = 2782 + -1686. Calculate the greatest common divisor of n and 8.
8
Suppose 4*t - 50 = -18. Suppose 239 = t*f - 1. Suppose -4*h - 20 = -0*b - b, 0 = -2*b + 4*h + 40. What is the highest common factor of b and f?
10
Suppose -9*g - 78 = -11*g. Let y = -54 + 54. Suppose -j - 7*j + 208 = y. Calculate the highest common divisor of j and g.
13
Suppose -2*o = 2*w - 2916, w + 5*o = 1032 + 446. What is the greatest common divisor of w and 1?
1
Suppose -21*a + 18 = -19*a. Suppose 0 = -a*x + 146 + 43. Suppose 2*m - x - 11 = -3*g, 2 = m + 5*g. What is the highest common factor of 33 and m?
11
Let x be ((-12)/(-16) - 9/12) + 12958. Suppose x = -18*j + 56*j. Calculate the greatest common divisor of j and 31.
31
Let g(d) = 750*d + 227. Let r be g(2). Calculate the greatest common factor of 77 and r.
11
Suppose 1280 = 21*b + 188. Supp